 What is the tens digit of m?
6
Suppose i + 2 = -0*i + r, 4*r = -5*i + 26. Suppose i*p = 8*p - 174. Suppose -s - p = -73. What is the tens digit of s?
4
Let c(b) be the third derivative of b**6/120 + b**5/5 - b**4/3 - 9*b**3/2 - 5*b**2 + 13*b. What is the tens digit of c(-11)?
8
Suppose 42*a = 340 - 4. Suppose 0 = 2*t + 4*q - 1426, -2*q = -a + 4. What is the units digit of t?
9
Suppose 2*w - 10924 = 3*h, -166*w + 3*h + 27292 = -161*w. What is the tens digit of w?
5
Let s(x) = 12*x + 27. Let i be s(-2). Suppose 3*a - 1721 = -4*p, 0 = -3*a + 6*a - i*p - 1707. What is the units digit of a?
1
Let a(c) = 2*c**3 + 2*c**2 + 52*c + 31. What is the tens digit of a(10)?
5
Let l(d) = 2*d**2 - 5*d + 6. Let v = -48 - -59. What is the hundreds digit of l(v)?
1
Let b = 1287 + -628. Suppose -111 = 4*m - b. What is the units digit of m?
7
Let a(r) = 36*r**2 + 73*r + 451. What is the tens digit of a(-8)?
7
Suppose -4*h - 10 = h. Let x(n) = -1556*n + 1539*n + 2 + 0. What is the tens digit of x(h)?
3
Let z = 213 - 207. Suppose 5*d - i = 380, i = -5*d + z*i + 360. What is the tens digit of d?
7
Let s(w) = -7*w - 8. Let l be s(-1). What is the units digit of (-108)/(-486) - (5407/(-9) - l)?
0
Let u be (3/((-3)/5120))/(30/(-240)). Suppose v + 382 + 13288 = 5*z, -3*v + 5*z = u. What is the tens digit of (-2)/9 - v/45?
0
Let a be (-7)/2*(-48)/28. Suppose 4 = 5*k - a. Suppose -28 = -2*l - 5*i, 2*i + k*i - 35 = -3*l. What is the units digit of l?
9
Let k = 11319 - 115. What is the thousands digit of k?
1
Suppose 101898 = 80*u - 394742. What is the thousands digit of u?
6
Suppose 5447 = 5*t + c - 4*c, -5*t + 4*c + 5446 = 0. Suppose 0*p - 10*p - t = 0. What is the tens digit of -4 - (p + -3 + 0)?
0
What is the units digit of -10 + 3 - (271040/(-7) + 14)?
9
Let y(s) = -3*s + 12*s**2 + 0 - 3 - 15*s**2 + s**3 + 2. Let m be y(4). Suppose m*k = -3*k + 372. What is the tens digit of k?
6
Let j be 58/6 - (-3)/9. Let p = 101 + -99. Suppose 3*w + 8*s - j*s = 444, 0 = p*s. What is the tens digit of w?
4
Let o(a) = 8*a**2 - 22*a - 29. Let j be 2*(-6)/48*-4 - 14. What is the units digit of o(j)?
9
Suppose -2*f - 8 = 0, 4*f + 22 + 45 = -3*k. Let r(g) = -11*g - 92. What is the tens digit of r(k)?
9
Let a = 37425 + -24839. What is the hundreds digit of a?
5
Let g = 32 - 26. Suppose 2 + g = 2*x. Suppose 0 = x*n + 220 - 684. What is the units digit of n?
6
Let k = -2 + 7. Suppose k*r + 9 - 24 = 0. Suppose -3*i + r*f = -153, -5*i - 3*f - f + 300 = 0. What is the units digit of i?
6
What is the tens digit of (-6)/(-4) - ((-594558)/4)/17?
4
Let f be ((-3)/24*-4)/((-1)/(-58)). Let m = f + 365. What is the hundreds digit of m?
3
Let b = -48053 + 102722. What is the thousands digit of b?
4
Let w(a) = -176*a - 10108. What is the units digit of w(-70)?
2
Let i be (4340/80)/(3/48*4). Suppose -26*b = 5*b - i. What is the units digit of b?
7
Suppose 5*s - 10 = 0, -2*c - 39*s = -43*s - 111626. What is the thousands digit of c?
5
Let u = 121 + 29. Suppose 4*d - 4*l - 1276 = 0, 3*l - u = 2*d - 792. What is the hundreds digit of d?
3
Let n(w) = -1768*w - 1863. What is the tens digit of n(-10)?
1
Let o be (-3 - (-6 - 1)) + -4. Suppose 4*i - 170 + 22 = o. What is the units digit of i?
7
Let q = -14078 + 20745. What is the hundreds digit of q?
6
Let q(v) = -4*v**3 - v**2 - 7*v - 9. Suppose 0 = -3*h + 27 - 3. Let b be 1 + -5 + h/4. What is the tens digit of q(b)?
3
Let r be 2/(8/(-12)) + 36. What is the hundreds digit of (12/r)/2 - (-91665)/231?
3
Let o(c) = c + 1. Let i(r) = -19*r + 8. Let y(d) = -56*d + 24. Let p(w) = -14*i(w) + 5*y(w). Let x(j) = 44*o(j) + 2*p(j). What is the hundreds digit of x(7)?
1
Suppose 2547080 = 558*a - 188*a. What is the thousands digit of a?
6
Let y = 78 + -74. What is the tens digit of -5 - 1*(y + -637)?
2
Suppose 8*u = 3*u + 120. Suppose -6*c - 3*i + u = -c, -c + i + 8 = 0. Suppose 2*g - 16 = -c. What is the units digit of g?
5
Suppose -3*v + 41575 = q, -q - 69305 = -12*v + 7*v. Suppose 58*u - 37*u - v = 0. What is the tens digit of u?
6
Let j = 289 + -286. What is the tens digit of 29/(-87) + 538/j?
7
What is the units digit of 591*(-19 - (-11150)/75)?
3
Let q = 2115 + -1784. What is the tens digit of q?
3
Let c(o) = o**2 - 11*o - 91. Let z be c(-12). Suppose 2*v - j = 3*v - z, 4*v = 2*j + 716. What is the units digit of v?
1
Suppose -4*x = 12*x - 107888. Suppose -x = -8*y + 3697. What is the thousands digit of y?
1
Let g = 12103 - 2874. What is the units digit of g?
9
Suppose -310*c + 1743214 - 184208 + 557364 = 0. What is the thousands digit of c?
6
Let w = 15 + -29. Suppose 27*d + 27 - 243 = 0. What is the units digit of (0 - -3) + (-68)/d*w?
2
Let s(z) be the first derivative of -z**6/360 + 7*z**5/40 - 13*z**4/24 - 9*z**3 - 7. Let k(c) be the third derivative of s(c). What is the units digit of k(6)?
7
Let m(r) be the second derivative of -5/2*r**2 - 8*r - 77/6*r**3 + 0. What is the tens digit of m(-3)?
2
Let l(n) = -n**3 + 13*n**2 - n. Suppose -48 + 40 = -2*v. Suppose 5*b - b - 23 = -r, -v*b = 3*r - 21. What is the units digit of l(b)?
6
Suppose -4*c = -4841 - 5239. What is the units digit of c?
0
Let h = -4284 - -5658. What is the tens digit of h?
7
Let o(g) = -46*g - 55. Suppose 0 = -5*m - 2*v - 78 + 34, 3*m + 2*v + 24 = 0. What is the units digit of o(m)?
5
Suppose -12*a + 57760 = 2*j - 18*a, -21 = 3*a. What is the units digit of j?
9
Let d(b) = b**3 - 7*b**2 + 12*b - 10. Let k be d(5). Suppose f + 4 - 2 = k. What is the units digit of (f - -5*6) + (-3)/(-3)?
9
Suppose -12*t + 3076 - 491 + 199 = 0. Let s(o) = o**2 + o - 32. Let x be s(0). Let l = x + t. What is the units digit of l?
0
Let m(o) = -175*o - 18. Let w be m(-2). What is the units digit of ((-1)/(6/w))/((-40)/180)?
9
Let c(r) = -33*r**2 - 2*r - 3. Let h = -40 + 42. Let o be c(h). Let p = -10 - o. What is the tens digit of p?
2
Suppose 3*o + 5*p - 22449 = 0, 34*o - 33*o - p = 7483. What is the hundreds digit of o?
4
Let l = -53 - -57. Suppose -72 = -z + 5*m, -3*z - l*m = z - 336. What is the tens digit of z?
8
Suppose 7*v + 11639 - 28329 = 33801. What is the tens digit of v?
1
Let l be (105/(-9) + -1)*(22 - 100). Suppose 0 = -7*v + 447 + l. What is the hundreds digit of v?
2
Let l(u) = u**3 - 4*u - 3. Let m(y) = -y**2 + 9*y + 20. Let r be m(11). Let x be l(r). What is the tens digit of 3/9 - (x - (-32)/(-3))?
1
Suppose 0 = 2*q + q - 3*d - 21, -2*d + 6 = 2*q. Suppose 7*w + 5*w = 24. Suppose 0*z - y - 293 = -q*z, 2*z = -w*y + 122. What is the tens digit of z?
5
Suppose -q + 2*k + 15465 = 0, -2*k - 61824 = -14*q + 10*q. What is the units digit of q?
3
Let a = 16446 + -3007. What is the tens digit of a?
3
Suppose -c + 15*c - 70 = 0. What is the tens digit of (42/c)/((-819)/(-135) + -6)?
2
Let i be 3/((-18)/(-4) + -3). Suppose o + 13 = 5*c - 5, i*o - c = 0. Suppose 0 = -5*s - o*t + 328, -3*t = -5*s - 4*t + 324. What is the units digit of s?
4
Suppose -3*g = 4*b, 4*b - b = -g - 5. Suppose 4*h + 3 = 3*c + 16, 4*c = g. Suppose -h*y + 5*k = 12, 4*y + 7*k = 4*k + 20. What is the units digit of y?
2
Suppose 71*j = 80*j - 243. Suppose 0 = 15*d - j*d + 2424. What is the units digit of d?
2
Let p(a) = 410*a**2 + 72*a + 45. What is the units digit of p(7)?
9
Let j = 138598 + -89596. What is the units digit of j?
2
Let m(j) = -j + 5. Let b be m(5). Let a be (-20)/20 + b + (0 - -87). What is the units digit of (0 - a/(-3 + 5))/(-1)?
3
Suppose q = -4*n - 74, -3*q + 3*n = -6*q - 258. Let o = 95 + q. Suppose 2*p + 159 = o*j + 34, 5*j - 125 = 3*p. What is the units digit of j?
5
What is the thousands digit of 106/636 - 241486/(-12)?
0
Let n(x) = 6*x**3 + 5*x**2 + 4*x - 8. Let a be n(4). Suppose -4*f = -2*v - 638, -6*f = -9*f - 5*v + a. What is the hundreds digit of f?
1
Let h(u) = 177*u - 4. Let t(l) = l**2 - 9*l - 2. Let v be t(8). Let f(z) = 2*z**2 + 18*z - 19. Let g be f(v). What is the hundreds digit of h(g)?
1
Let h(v) = 6*v**2 - 16*v + 485. What is the tens digit of h(23)?
9
Suppose -1230 = -10*f - 0*f. Suppose -2*x + 173 = -f. What is the tens digit of x?
4
Let a(o) = -2*o**2 + 12*o + 17. Let q be a(7). Suppose f + 239 = j - 16, 2*j = -q*f + 535. Suppose 34 = -2*d + j. What is the units digit of d?
3
Let u be 4/((-6)/15*-2). Suppose 0 = -u*o - 5*o + 2120. What is the hundreds digit of o?
2
Let o be (22/(-5))/(((-9)/3